{"id":343,"date":"2016-09-20T11:06:03","date_gmt":"2016-09-20T11:06:03","guid":{"rendered":"http:\/\/joventut.alaquas.org\/?page_id=343"},"modified":"2022-12-27T14:04:06","modified_gmt":"2022-12-27T14:04:06","slug":"locales-polivalentes","status":"publish","type":"page","link":"http:\/\/joventut.alaquas.org\/index.php\/es\/locales-polivalentes\/","title":{"rendered":"SALAS POLIVALENTES"},"content":{"rendered":"\n<p>Amb la voluntat de fer del Passatge un espai juvenil din\u00e0mic i obert, comptem amb una Sala Polivalent i l\u2019Aula d\u2019estudi que s&#8217;oferix als joves i ciutadans, un espai multiusos, din\u00e0mic i obert en el que es pot desenvolupar qualsevol tipus d&#8217;activitat recreativa, cultural, l\u00fadica, etc, programada, tant pels mateixos joves i col\u00b7lectius, com pel propi Ajuntament.<\/p>\n\n\n\n<p>Com a conseq\u00fc\u00e8ncia de la polival\u00e8ncia de l&#8217;espai es desenvolupen en ella diverses activitats: cursos de formaci\u00f3, exposicions, concerts de grups de m\u00fasica, actuacions teatrals, de DJ\u2019s, xarrades i confer\u00e8ncies, presentaci\u00f3 de campanyes i recursos municipals, etc.<\/p>\n\n\n<p>A traducir en castellano..<\/p>\n<p><img decoding=\"async\" loading=\"lazy\" class=\"size-medium wp-image-333 aligncenter\" src=\"http:\/\/joventut.alaquas.org\/wp-content\/uploads\/2016\/09\/Clipboard01-300x231.gif\" alt=\"clipboard01\" width=\"300\" height=\"231\"><\/p>\n<p>El Passatge disposa de diferents espais polivalents per a l\u2019\u00fas d\u2019associacions, grups i agrupacions musicals i ciutadans\/ciutadanes del municipi.<\/p>\n<ul>\n<li>Sala Polivalent.\n<ul>\n<li>50,00 \u20ac\/d\u00eda o (12,00\u20ac&nbsp;per hora)<\/li>\n<\/ul>\n<\/li>\n<li>Sala Aula d\u2019estudi.\n<ul>\n<li>30 \u20ac\/d\u00eda o (8\u20ac per hora)<\/li>\n<\/ul>\n<\/li>\n<li>Sala Centro obert.\n<ul>\n<li>30 \u20ac\/d\u00eda o (8\u20ac per hora)<\/li>\n<\/ul>\n<\/li>\n<\/ul>\n<p>Condicions generals:<\/p>\n<ul>\n<li><strong><a href=\"http:\/\/joventut.alaquas.org\/index.php\/es\/quien-somos-p-c\/\" target=\"_blank\" rel=\"noopener\">L\u2019horari de disponibilitat \u00e9s el de l\u2019edifici.<\/a><\/strong><\/li>\n<li>Disponibilitat dels espais sempre que no hi ha cap activitat del departament o de l\u2019ajuntament programada.\n<ul>\n<li>Centre Obert.<\/li>\n<li>Cursos formaci\u00f3.<\/li>\n<li>Reunions de programes del departament.<\/li>\n<li>Etc.<\/li>\n<\/ul>\n<\/li>\n<li>Atenci\u00f3 de sol\u00b7licituds segons registre d\u2019entrada oficial de l\u2019ajuntament d\u2019Alaqu\u00e0s.<\/li>\n<li>Sobre la <strong><span style=\"color: #ff0000;\">programaci\u00f3 d&#8217;activitats, cursos, concerts o actuacions<\/span><\/strong>\n<ul>\n<li>Totes les&nbsp;<strong>activitats, cursos, concerts o actuacions que implique el pagament d&#8217;una tarifa<\/strong> per part dels usuaris, el grups, associaci\u00f3 o persona f\u00edsica que programe haur\u00e0 d&#8217;abonar el 20% dels ingresos a l&#8217;Ajuntament.<\/li>\n<li>Els concerts programats per grups de m\u00fasica d&#8217;Alaqu\u00e0s (50% de membre empadronats a Alaqu\u00e0s), tindran un descompete del 50% a les taxes i no hauran d&#8217;abonar el 20%&nbsp;dels ingresos a l&#8217;Ajuntament.<\/li>\n<li>Quan es programe una activitat puntual <strong>sense fins lucratius<\/strong>, per part d&#8217;una Entitat inscrita al Registre d&#8217;Associacions Municipal, no abonar\u00e0 la taxa la primera sessi\u00f3, a partir de les seg\u00fcent sessions haur\u00e0 d&#8217;abonar el 50% del preu per espai.<\/li>\n<li>Quan es programes una activitat puntual <strong>amb una finalitat&nbsp;lucrativa<\/strong>, per part d&#8217;una Entitat inscrita al Registre d&#8217;Associacions Municipal, no abonar\u00e0 la taxa la primera sessi\u00f3, a partir de les seg\u00fcent sessions haur\u00e0 d&#8217;abonar el 50% del preu per espai. En cas que es cobre entrada superior a 5\u20ac, no hi haur\u00e0 bonificaci\u00f3.<\/li>\n<\/ul>\n<\/li>\n<\/ul>\n<p><strong>Desc\u00e0rregues<\/strong>:<\/p>\n<p><a href=\"http:\/\/joventut.alaquas.org\/wp-content\/uploads\/2016\/09\/Presencial_Instancia_Generica.pdf\" target=\"_blank\" rel=\"noopener\">Instancia oficial del Ayuntamiento<\/a><\/p>\n<p><a href=\"http:\/\/joventut.alaquas.org\/wp-content\/uploads\/2016\/09\/04022014precios_publicos_actualizados_nov_2013_1.pdf\" target=\"_blank\" rel=\"noopener\">Normativa general preus p\u00fablics<\/a><\/p>\n<p>&nbsp;<\/p>","protected":false},"excerpt":{"rendered":"<p>Amb la voluntat de fer del Passatge un espai juvenil din\u00e0mic i obert, comptem amb una Sala Polivalent i l\u2019Aula d\u2019estudi que s&#8217;oferix als joves i ciutadans, un espai multiusos, din\u00e0mic i obert en el que es pot desenvolupar qualsevol tipus d&#8217;activitat recreativa, cultural, l\u00fadica, etc, programada, tant pels mateixos joves i col\u00b7lectius, com pel&#8230;<\/p>\n","protected":false},"author":2,"featured_media":0,"parent":0,"menu_order":0,"comment_status":"closed","ping_status":"closed","template":"","meta":{"_kad_post_transparent":"","_kad_post_title":"","_kad_post_layout":"","_kad_post_sidebar_id":"","_kad_post_content_style":"","_kad_post_vertical_padding":"","_kad_post_feature":"","_kad_post_feature_position":"","_kad_post_header":false,"_kad_post_footer":false},"aioseo_notices":[],"_links":{"self":[{"href":"http:\/\/joventut.alaquas.org\/index.php\/wp-json\/wp\/v2\/pages\/343"}],"collection":[{"href":"http:\/\/joventut.alaquas.org\/index.php\/wp-json\/wp\/v2\/pages"}],"about":[{"href":"http:\/\/joventut.alaquas.org\/index.php\/wp-json\/wp\/v2\/types\/page"}],"author":[{"embeddable":true,"href":"http:\/\/joventut.alaquas.org\/index.php\/wp-json\/wp\/v2\/users\/2"}],"replies":[{"embeddable":true,"href":"http:\/\/joventut.alaquas.org\/index.php\/wp-json\/wp\/v2\/comments?post=343"}],"version-history":[{"count":9,"href":"http:\/\/joventut.alaquas.org\/index.php\/wp-json\/wp\/v2\/pages\/343\/revisions"}],"predecessor-version":[{"id":2189,"href":"http:\/\/joventut.alaquas.org\/index.php\/wp-json\/wp\/v2\/pages\/343\/revisions\/2189"}],"wp:attachment":[{"href":"http:\/\/joventut.alaquas.org\/index.php\/wp-json\/wp\/v2\/media?parent=343"}],"curies":[{"name":"wp","href":"https:\/\/api.w.org\/{rel}","templated":true}]}}

<p>Amb la voluntat de fer del Passatge un espai juvenil dinàmic i obert, comptem amb una Sala Polivalent i l’Aula d’estudi que s&#8217;oferix als joves i ciutadans, un espai multiusos, dinàmic i obert en el que es pot desenvolupar qualsevol tipus d&#8217;activitat recreativa, cultural, lúdica, etc, programada, tant pels mateixos joves i col·lectius, com pel propi Ajuntament.</p>



<p>Com a conseqüència de la polivalència de l&#8217;espai es desenvolupen en ella diverses activitats: cursos de formació, exposicions, concerts de grups de música, actuacions teatrals, de DJ’s, xarrades i conferències, presentació de campanyes i recursos municipals, etc.</p>


<p>A traducir en castellano..</p>
<p><img decoding="async" loading="lazy" class="size-medium wp-image-333 aligncenter" src="http://joventut.alaquas.org/wp-content/uploads/2016/09/Clipboard01-300x231.gif" alt="clipboard01" width="300" height="231"></p>
<p>El Passatge disposa de diferents espais polivalents per a l’ús d’associacions, grups i agrupacions musicals i ciutadans/ciutadanes del municipi.</p>
<ul>
<li>Sala Polivalent.
<ul>
<li>50,00 €/día o (12,00€&nbsp;per hora)</li>
</ul>
</li>
<li>Sala Aula d’estudi.
<ul>
<li>30 €/día o (8€ per hora)</li>
</ul>
</li>
<li>Sala Centro obert.
<ul>
<li>30 €/día o (8€ per hora)</li>
</ul>
</li>
</ul>
<p>Condicions generals:</p>
<ul>
<li><strong><a href="http://joventut.alaquas.org/index.php/es/quien-somos-p-c/" target="_blank" rel="noopener">L’horari de disponibilitat és el de l’edifici.</a></strong></li>
<li>Disponibilitat dels espais sempre que no hi ha cap activitat del departament o de l’ajuntament programada.
<ul>
<li>Centre Obert.</li>
<li>Cursos formació.</li>
<li>Reunions de programes del departament.</li>
<li>Etc.</li>
</ul>
</li>
<li>Atenció de sol·licituds segons registre d’entrada oficial de l’ajuntament d’Alaquàs.</li>
<li>Sobre la <strong><span style="color: #ff0000;">programació d&#8217;activitats, cursos, concerts o actuacions</span></strong>
<ul>
<li>Totes les&nbsp;<strong>activitats, cursos, concerts o actuacions que implique el pagament d&#8217;una tarifa</strong> per part dels usuaris, el grups, associació o persona física que programe haurà d&#8217;abonar el 20% dels ingresos a l&#8217;Ajuntament.</li>
<li>Els concerts programats per grups de música d&#8217;Alaquàs (50% de membre empadronats a Alaquàs), tindran un descompete del 50% a les taxes i no hauran d&#8217;abonar el 20%&nbsp;dels ingresos a l&#8217;Ajuntament.</li>
<li>Quan es programe una activitat puntual <strong>sense fins lucratius</strong>, per part d&#8217;una Entitat inscrita al Registre d&#8217;Associacions Municipal, no abonarà la taxa la primera sessió, a partir de les següent sessions haurà d&#8217;abonar el 50% del preu per espai.</li>
<li>Quan es programes una activitat puntual <strong>amb una finalitat&nbsp;lucrativa</strong>, per part d&#8217;una Entitat inscrita al Registre d&#8217;Associacions Municipal, no abonarà la taxa la primera sessió, a partir de les següent sessions haurà d&#8217;abonar el 50% del preu per espai. En cas que es cobre entrada superior a 5€, no hi haurà bonificació.</li>
</ul>
</li>
</ul>
<p><strong>Descàrregues</strong>:</p>
<p><a href="http://joventut.alaquas.org/wp-content/uploads/2016/09/Presencial_Instancia_Generica.pdf" target="_blank" rel="noopener">Instancia oficial del Ayuntamiento</a></p>
<p><a href="http://joventut.alaquas.org/wp-content/uploads/2016/09/04022014precios_publicos_actualizados_nov_2013_1.pdf" target="_blank" rel="noopener">Normativa general preus públics</a></p>
<p>&nbsp;</p>

<p>Amb la voluntat de fer del Passatge un espai juvenil dinàmic i obert, comptem amb una Sala Polivalent i l’Aula d’estudi que s&#8217;oferix als joves i ciutadans, un espai multiusos, dinàmic i obert en el que es pot desenvolupar qualsevol tipus d&#8217;activitat recreativa, cultural, lúdica, etc, programada, tant pels mateixos joves i col·lectius, com pel&#8230;</p>
